s the ten thousands digit of 932573?
3
What is the hundred thousands digit of 2217537?
2
What is the millions digit of 5066296?
5
What is the units digit of 525507?
7
What is the thousands digit of 88354?
8
What is the hundreds digit of 166131?
1
What is the hundred thousands digit of 739795?
7
What is the hundred thousands digit of 181149?
1
What is the units digit of 2508264?
4
What is the tens digit of 1315470?
7
What is the units digit of 22924162?
2
What is the hundred thousands digit of 592546?
5
What is the thousands digit of 60797?
0
What is the hundred thousands digit of 524623?
5
What is the thousands digit of 1960488?
0
What is the ten thousands digit of 7225433?
2
What is the units digit of 27099057?
7
What is the millions digit of 7288592?
7
What is the thousands digit of 221887?
1
What is the units digit of 28422257?
7
What is the ten thousands digit of 532252?
3
What is the units digit of 472186?
6
What is the ten thousands digit of 2776136?
7
What is the hundred thousands digit of 25459854?
4
What is the ten thousands digit of 2762535?
6
What is the hundred thousands digit of 270419?
2
What is the ten thousands digit of 1307690?
0
What is the hundreds digit of 189003?
0
What is the thousands digit of 16674533?
4
What is the hundreds digit of 319920?
9
What is the hundreds digit of 25457700?
7
What is the millions digit of 3227228?
3
What is the tens digit of 15964?
6
What is the hundred thousands digit of 157943?
1
What is the hundreds digit of 1763502?
5
What is the thousands digit of 103648?
3
What is the tens digit of 355156?
5
What is the millions digit of 9007000?
9
What is the tens digit of 149621?
2
What is the units digit of 1594219?
9
What is the ten thousands digit of 36680966?
8
What is the hundreds digit of 282590?
5
What is the millions digit of 39856969?
9
What is the ten thousands digit of 8844012?
4
What is the tens digit of 138307?
0
What is the tens digit of 160596?
9
What is the thousands digit of 19371871?
1
What is the hundreds digit of 125976?
9
What is the millions digit of 23699306?
3
What is the hundreds digit of 15975143?
1
What is the tens digit of 1126667?
6
What is the hundreds digit of 62994?
9
What is the hundreds digit of 23455616?
6
What is the thousands digit of 574650?
4
What is the hundreds digit of 1281252?
2
What is the thousands digit of 21903?
1
What is the ten millions digit of 19441430?
1
What is the hundreds digit of 202182?
1
What is the ten thousands digit of 1488233?
8
What is the hundreds digit of 7392786?
7
What is the hundreds digit of 19892?
8
What is the hundreds digit of 76800?
8
What is the tens digit of 1324819?
1
What is the millions digit of 2849762?
2
What is the units digit of 122243?
3
What is the ten thousands digit of 445063?
4
What is the thousands digit of 55171?
5
What is the units digit of 11246792?
2
What is the tens digit of 372909?
0
What is the units digit of 1301211?
1
What is the millions digit of 1208434?
1
What is the hundreds digit of 101036?
0
What is the hundreds digit of 629201?
2
What is the hundreds digit of 562437?
4
What is the units digit of 43922665?
5
What is the tens digit of 6579079?
7
What is the millions digit of 1257787?
1
What is the hundreds digit of 5658174?
1
What is the tens digit of 337680?
8
What is the hundred thousands digit of 25578603?
5
What is the thousands digit of 1118063?
8
What is the units digit of 28835120?
0
What is the hundred thousands digit of 110440?
1
What is the tens digit of 19467?
6
What is the hundred thousands digit of 1946327?
9
What is the units digit of 352459?
9
What is the hundreds digit of 458871?
8
What is the units digit of 1429030?
0
What is the hundreds digit of 217444?
4
What is the ten thousands digit of 25047041?
4
What is the hundred thousands digit of 244863?
2
What is the thousands digit of 252381?
2
What is the ten thousands digit of 310902?
1
What is the tens digit of 12960126?
2
What is the units digit of 111186?
6
What is the hundreds digit of 166763?
7
What is the millions digit of 1723110?
1
What is the units digit of 64570?
0
What is the tens digit of 589810?
1
What is the hundreds digit of 402242?
2
What is the units digit of 764970?
0
What is the units digit of 444197?
7
What is the ten thousands digit of 23080848?
8
What is the ten thousands digit of 577846?
7
What is the millions digit of 2322032?
2
What is the thousands digit of 30483676?
3
What is the hundreds digit of 74960?
9
What is the hundred thousands digit of 10162880?
1
What is the millions digit of 32693125?
2
What is the ten thousands digit of 245980?
4
What is the ten thousands digit of 4792665?
9
What is the tens digit of 2830282?
8
What is the tens digit of 159512?
1
What is the hundreds digit of 68721?
7
What is the hundreds digit of 937282?
2
What is the thousands digit of 26695040?
5
What is the hundreds digit of 30881021?
0
What is the hundreds digit of 2575634?
6
What is the tens digit of 1301544?
4
What is the hundreds digit of 2801191?
1
What is the hundreds digit of 20236?
2
What is the hundred thousands digit of 175208?
1
What is the ten thousands digit of 1672311?
7
What is the ten thousands digit of 4930789?
3
What is the millions digit of 4588958?
4
What is the units digit of 468236?
6
What is the ten millions digit of 14966033?
1
What is the units digit of 541658?
8
What is the hundreds digit of 15381426?
4
What is the tens digit of 401430?
3
What is the millions digit of 36605936?
6
What is the thousands digit of 5749408?
9
What is the hundreds digit of 38437325?
3
What is the thousands digit of 10721027?
1
What is the units digit of 121703?
3
What is the thousands digit of 4898880?
8
What is the hundreds digit of 490026?
0
What is the hundreds digit of 492343?
3
What is the thousands digit of 179642?
9
What is the thousands digit of 218818?
8
What is the hundreds digit of 199511?
5
What is the hundreds digit of 194097?
0
What is the thousands digit of 4331753?
1
What is the ten thousands digit of 172773?
7
What is the thousands digit of 633079?
3
What is the tens digit of 2972132?
3
What is the hundred thousands digit of 1309238?
3
What is the tens digit of 239988?
8
What is the thousands digit of 786024?
6
What is the ten millions digit of 16931641?
1
What is the hundred thousands digit of 1200945?
2
What is the units digit of 391997?
7
What is the units digit of 1766292?
2
What is the tens digit of 1657410?
1
What is the units digit of 15936328?
8
What is the hundred thousands digit of 2682828?
6
What is the hundred thousands digit of 6068587?
0
What is the units digit of 14389?
9
What is the ten thousands digit of 4011655?
1
What is the units digit of 1694449?
9
What is the tens digit of 3965892?
9
What is the hundred thousands digit of 118179?
1
What is the thousands digit of 3052252?
2
What is the hundreds digit of 397339?
3
What is the millions digit of 4802489?
4
What is the units digit of 183739?
9
What is the hundred thousands digit of 2525149?
5
What is the thousands digit of 2074135?
4
What is the ten thousands digit of 2256409?
5
What is the thousands digit of 30173840?
3
What is the units digit of 60867?
7
What is the ten thousands digit of 2119470?
1
What is the units digit of 14976067?
7
What is the units digit of 4011787?
7
What is the hundred thousands digit of 1280442?
2
What is the ten thousands digit of 12221807?
2
What is the units digit of 142076?
6
What is the thousands digit of 25088900?
8
What is the millions digit of 15523612?
5
What is the tens digit of 181569?
6
What is the hundreds digit of 10950342?
3
What is the hundreds digit of 369483?
4
What is the units digit of 7120?
0
What is the tens digit of 248674?
7
What is the units digit of 2221?
1
What is the tens digit of 604222?
2
What is the hundred thousands digit of 1074388?
0
What is the hundreds digit of 6521092?
0
What is the hundreds digit of 23004121?
1
What is the ten thousands digit of 518064?
1
What is the units digit of 104141?
1
What is the thousands digit of 675168?
5
What is the thousands digit of 205128?
5
What is the hundreds digit of 1045066?
0
What is the hundred thousands digit of 216650?
2
What is the thousands digit of 70949?
0
What is the thousands digit of 25631046?
1
What is the millions digit of 